der when 29660 is divided by 1338.
224
What is the remainder when 4752232 is divided by 279543?
1
Calculate the remainder when 316324358 is divided by 111.
110
Calculate the remainder when 827506 is divided by 8800.
306
What is the remainder when 4486 is divided by 308?
174
Calculate the remainder when 494311 is divided by 4631.
3425
Calculate the remainder when 142988521 is divided by 320.
41
What is the remainder when 6409405 is divided by 7300?
5
What is the remainder when 7933181 is divided by 71?
67
What is the remainder when 19422 is divided by 3771?
567
Calculate the remainder when 3232629 is divided by 44282.
43
What is the remainder when 3347649 is divided by 48?
33
What is the remainder when 453439 is divided by 45220?
1239
What is the remainder when 167537 is divided by 165330?
2207
What is the remainder when 240790435 is divided by 34?
21
Calculate the remainder when 1693891 is divided by 241922.
437
What is the remainder when 830894 is divided by 207701?
90
Calculate the remainder when 10023798 is divided by 5011884.
30
What is the remainder when 848191 is divided by 3549?
3529
Calculate the remainder when 1627411 is divided by 203426.
3
Calculate the remainder when 144036 is divided by 6000.
36
Calculate the remainder when 358267 is divided by 1800.
67
What is the remainder when 38616 is divided by 38541?
75
Calculate the remainder when 20723822 is divided by 292.
290
Calculate the remainder when 965033756 is divided by 3057.
3053
Calculate the remainder when 480171 is divided by 1114.
37
Calculate the remainder when 11015 is divided by 5012.
991
What is the remainder when 110827138 is divided by 63?
58
Calculate the remainder when 18387342 is divided by 59.
51
Calculate the remainder when 157430 is divided by 51839.
1913
What is the remainder when 296485 is divided by 263?
84
What is the remainder when 12575127 is divided by 13307?
12
What is the remainder when 1821702 is divided by 5895?
147
Calculate the remainder when 1302418 is divided by 1302415.
3
Calculate the remainder when 5155083 is divided by 408.
3
Calculate the remainder when 58642 is divided by 1590.
1402
What is the remainder when 24424701 is divided by 10?
1
Calculate the remainder when 581776 is divided by 439.
101
Calculate the remainder when 320242420 is divided by 39.
4
Calculate the remainder when 4162502 is divided by 4656.
38
What is the remainder when 290032 is divided by 3021?
16
What is the remainder when 15024681 is divided by 82?
67
What is the remainder when 8558074 is divided by 1852?
1834
What is the remainder when 21304 is divided by 746?
416
What is the remainder when 6867862 is divided by 558?
556
Calculate the remainder when 47253425 is divided by 2836.
2829
What is the remainder when 191682 is divided by 11067?
3543
Calculate the remainder when 261774 is divided by 32525.
1574
Calculate the remainder when 201784271 is divided by 37.
35
Calculate the remainder when 1452889 is divided by 96859.
4
What is the remainder when 9061959 is divided by 284?
87
What is the remainder when 360707 is divided by 3641?
248
What is the remainder when 1192940 is divided by 54?
26
Calculate the remainder when 1418737 is divided by 8247.
253
What is the remainder when 273124 is divided by 8211?
2161
What is the remainder when 14477 is divided by 4672?
461
What is the remainder when 114183241 is divided by 6044?
6037
Calculate the remainder when 372857 is divided by 123308.
2933
What is the remainder when 120808 is divided by 120808?
0
Calculate the remainder when 15019545 is divided by 83908.
13
What is the remainder when 13652047 is divided by 248219?
2
Calculate the remainder when 884175 is divided by 45.
15
Calculate the remainder when 2084702 is divided by 208468.
22
Calculate the remainder when 10973396 is divided by 10973383.
13
What is the remainder when 90488 is divided by 12923?
27
Calculate the remainder when 10881233 is divided by 3627075.
8
What is the remainder when 6880 is divided by 3043?
794
What is the remainder when 75337 is divided by 12553?
19
What is the remainder when 46981 is divided by 6699?
88
What is the remainder when 116428 is divided by 19355?
298
Calculate the remainder when 64931 is divided by 376.
259
Calculate the remainder when 602912 is divided by 5260.
3272
What is the remainder when 1529 is divided by 287?
94
Calculate the remainder when 12245422 is divided by 1020449.
34
What is the remainder when 6814801 is divided by 321?
292
Calculate the remainder when 3221480 is divided by 808.
792
What is the remainder when 681435 is divided by 7406?
83
Calculate the remainder when 76123 is divided by 6920.
3
What is the remainder when 12448554 is divided by 131037?
39
Calculate the remainder when 760271 is divided by 42.
29
Calculate the remainder when 40037 is divided by 5382.
2363
Calculate the remainder when 9572937 is divided by 2683.
2676
What is the remainder when 109694341 is divided by 970746?
43
What is the remainder when 458387 is divided by 13089?
272
Calculate the remainder when 2554299 is divided by 97.
95
Calculate the remainder when 768576 is divided by 6570.
6456
What is the remainder when 1437225 is divided by 8816?
217
Calculate the remainder when 687143 is divided by 201.
125
What is the remainder when 452190809 is divided by 56?
49
What is the remainder when 14325 is divided by 13951?
374
What is the remainder when 3575055 is divided by 12160?
15
What is the remainder when 2358530 is divided by 147407?
18
What is the remainder when 30544918 is divided by 1581?
1579
Calculate the remainder when 9524133 is divided by 190481.
83
Calculate the remainder when 140860 is divided by 608.
412
Calculate the remainder when 202482 is divided by 101215.
52
Calculate the remainder when 2486310 is divided by 246.
234
What is the remainder when 43406 is divided by 9779?
4290
What is the remainder when 82832 is divided by 7949?
3342
Calculate the remainder when 1633820 is divided by 986.
18
What is the remainder when 8014813 is divided by 8014717?
96
Calculate the remainder when 76493 is divided by 48.
29
Calculate the remainder when 60015880 is divided by 1921.
1919
Calculate the remainder when 266834 is divided by 1278.
1010
Calculate the remainder when 3434650 is divided by 18.
16
What is the remainder when 5567925 is divided by 695990?
5
What is the remainder when 15886 is divided by 339?
292
Calculate the remainder when 160897 is divided by 5.
2
Calculate the remainder when 1353904 is divided by 138.
124
What is the remainder when 391949 is divided by 85?
14
What is the remainder when 18880501 is divided by 82?
1
Calculate the remainder when 340179 is divided by 690.
9
What is the remainder when 13663465 is divided by 31?
29
Calculate the remainder when 2634592 is divided by 191.
129
What is the remainder when 292897 is divided by 8875?
22
What is the remainder when 14055512 is divided by 842?
6
What is the remainder when 618182 is divided by 8958?
80
What is the remainder when 6038099 is divided by 21?
11
Calculate the remainder when 1330013 is divided by 239.
217
What is the remainder when 1018763 is divided by 2886?
5
Calculate the remainder when 131992 is divided by 42502.
4486
Calculate the remainder when 17884266 is divided by 263.
3
What is the remainder when 4427608 is divided by 4427606?
2
What is the remainder when 137579253 is divided by 45859749?
6
What is the remainder when 60212 is divided by 47997?
12215
What is the remainder when 2614911 is divided by 181?
4
Calculate the remainder when 14021 is divided by 3105.
1601
Calculate the remainder when 2477462 is divided by 123.
119
What is the remainder when 3033702 is divided by 1011231?
9
Calculate the remainder when 7785248 is divided by 19.
17
What is the remainder when 506338 is divided by 987?
7
What is the remainder when 248288 is divided by 5194?
4170
Calculate the remainder when 311822547 is divided by 706.
703
What is the remainder when 302815889 is divided by 1389?
1388
Calculate the remainder when 70942034 is divided by 11.
9
Calculate the remainder when 21706 is divided by 4017.
1621
Calculate the remainder when 2536945 is divided by 6098.
177
What is the remainder when 4028132 is divided by 317?
13
What is the remainder when 6989169 is divided by 15